-923*i + 67408. Determine u(73).
29
Let g(y) = 3*y**2 + 704*y + 12695. Calculate g(-215).
10
Let p(a) = 96*a**2 - 865*a + 610. Calculate p(9).
601
Let p(u) = 9*u**3 + 10*u**2 + 132*u - 444. Determine p(3).
285
Let c(f) = f**2 + 63299*f + 569586. Calculate c(-9).
-24
Let n(d) = -26*d**3 + 393*d**2 - 48*d + 51. Determine n(15).
6
Let p(v) = 49*v**3 + 38*v**2 - 95*v + 1. Determine p(3).
1381
Let o(x) = 4*x**3 + 510*x**2 - 263*x - 1101. Give o(-128).
-205
Let j(t) = 326033*t - 977959. What is j(3)?
140
Let s(a) = 3832*a - 15491. Calculate s(4).
-163
Let o(m) = 44*m**2 + 1086*m + 3556. Give o(-21).
154
Let q(m) = -4*m**3 + 6545*m**2 - 1501*m - 220860. Give q(1636).
0
Let t(a) = -572*a - 88047. Give t(-154).
41
Let p(m) = -53*m**3 - 373*m**2 - 168*m - 1126. Determine p(-7).
-48
Let j(f) = f**2 + 98*f - 4251. Calculate j(29).
-568
Let v(b) = 9*b**3 + 100*b**2 + 50*b + 606. Give v(-11).
177
Let d(v) = v**3 + 327*v**2 + 1284*v - 30. Calculate d(-4).
2
Let z(l) = 67*l**2 - 25772*l - 8844. What is z(385)?
11
Let r(w) = -w**3 + 22*w**2 - 163*w - 95. Give r(13).
-693
Let r(m) = 5*m**2 - 1176*m - 190. Give r(236).
754
Let g(i) = -i**3 + 24*i**2 + 482*i + 14417. Calculate g(43).
12
Let n(i) = -i**2 - 220551*i - 2646487. Calculate n(-12).
-19
Let a(c) = -260*c - 19538. Give a(-77).
482
Let z(j) = -48*j**2 + 4911*j - 4908. What is z(1)?
-45
Let h(f) = f**2 - 43*f - 2600. Determine h(-33).
-92
Let o(x) = -x**2 - 9*x + 572. Give o(21).
-58
Let a(r) = 1207*r**2 - 90500*r - 1883. Calculate a(75).
-8
Let j(n) = -4*n**2 - 56869*n + 113737. Calculate j(2).
-17
Let v(m) = -29*m**2 - 965*m - 4727. Calculate v(-6).
19
Let c(s) = -2756*s**2 + 126774*s + 60. Calculate c(46).
-32
Let u(k) = 23*k**3 - 274*k**2 - 35*k + 145. Give u(12).
13
Let g(d) = -2*d**2 + 345*d + 94403. What is g(320)?
3
Let g(b) = 60*b**2 - 10852*b - 1650. Give g(181).
-202
Let d(q) = 208642*q + 1460478. Determine d(-7).
-16
Let o(x) = 2*x**2 - 5859*x + 35065. Determine o(6).
-17
Let r(k) = 2*k**3 + 29*k**2 + 159*k + 1574. What is r(-13)?
14
Let o(x) = -2*x**2 + 2248636*x - 6745898. Give o(3).
-8
Let b(d) = -2290*d + 10357. Calculate b(5).
-1093
Let a(p) = -14*p**2 + 115*p - 31. What is a(9)?
-130
Let r(p) = -397*p - 34807. Give r(-88).
129
Let f(z) = -54*z**2 + 692*z + 6. Determine f(14).
-890
Let l(d) = -1434*d - 53062. What is l(-37)?
-4
Let y(g) = 2*g**2 + 22*g - 2461. Give y(12).
-1909
Let s(h) = -h**3 + h**2 + 366*h - 269. What is s(19)?
187
Let s(m) = -29*m**3 - 894*m**2 + 151*m + 332. What is s(-31)?
456
Let j(l) = 166*l + 9830. Calculate j(-76).
-2786
Let j(o) = -2*o**2 + 4764*o - 350497. Determine j(76).
15
Let s(r) = r**3 - 69*r**2 + 491*r - 361. Give s(61).
-178
Let p(n) = 108753*n + 978740. Give p(-9).
-37
Let f(r) = 12310*r + 221524. Determine f(-18).
-56
Let j(s) = 757*s + 58371. Give j(-77).
82
Let o(l) = -28*l**2 - 1750*l - 617. Calculate o(-65).
-5167
Let n(t) = -25*t - 2951. Give n(-32).
-2151
Let v(s) = -s**3 - 33*s**2 + 234*s + 185. Give v(-39).
185
Let k(p) = p**2 + 46279*p + 601456. Give k(-13).
-2
Let v(z) = 3476*z + 48666. Determine v(-14).
2
Let l(a) = 4475*a + 290870. Calculate l(-65).
-5
Let j(m) = -3*m**2 + 676*m - 30238. What is j(61)?
-165
Let s(g) = 20*g**2 + 1471*g + 23886. Give s(-24).
102
Let d(n) = -n**3 + 6*n**2 - 101*n + 20. What is d(6)?
-586
Let v(w) = 18*w**2 - 10203*w - 1722. Calculate v(567).
-21
Let r(w) = -30*w**2 + 1098*w + 506. Determine r(37).
62
Let w(g) = 444*g + 6857. What is w(-15)?
197
Let a(u) = 148023*u - 3848597. Determine a(26).
1
Let y(h) = 208*h + 15683. Give y(-78).
-541
Let d(j) = -j**3 - 8*j**2 + 315*j + 12. What is d(0)?
12
Let v(g) = -1031*g - 13747. Give v(-13).
-344
Let l(f) = -f**2 + 7314*f + 36529. Determine l(-5).
-66
Let j(g) = g**3 + 298*g**2 + 1755*g + 930. Calculate j(-292).
54
Let w(c) = 4*c**3 - 15*c**2 + 51*c - 20. Determine w(3).
106
Let j(v) = -v**3 - 8*v**2 - 9906*v - 89214. Calculate j(-9).
21
Let s(a) = -541*a + 201727. Calculate s(372).
475
Let x(d) = 7237*d + 43327. What is x(-6)?
-95
Let c(t) = t**2 - 1893*t + 31893. Determine c(17).
1
Let u(x) = -2*x**3 - 62*x**2 - 432*x - 41. Give u(-20).
-201
Let n(p) = 1628*p - 499825. Determine n(307).
-29
Let j(a) = 10*a**2 + 646*a + 9477. What is j(-42)?
-15
Let y(l) = -5919*l - 71110. What is y(-12)?
-82
Let p(x) = -192*x**2 - 7129*x - 928. Calculate p(-37).
-3
Let i(m) = 1491*m + 18726. Determine i(-11).
2325
Let w(h) = -23*h**2 - 4713*h + 424. What is w(-205)?
14
Let b(k) = -5987*k - 1023825. Determine b(-171).
-48
Let c(m) = 33*m + 1154. What is c(-32)?
98
Let h(f) = 2*f**3 - 88*f**2 - 47*f + 605. Determine h(44).
-1463
Let v(l) = -2*l**2 - 1001*l - 14082. Give v(-486).
12
Let p(y) = -y**3 + 62*y**2 - 10*y + 288. Determine p(62).
-332
Let r(f) = 40*f - 1083. Calculate r(30).
117
Let g(b) = -6107*b**2 + 415278*b - 140. What is g(68)?
-4
Let a(n) = 16*n**2 - 150*n - 123. Determine a(10).
-23
Let b(s) = 6*s**3 - 3*s**2 + s + 27. Determine b(-3).
-165
Let c(f) = f**3 + 63*f**2 - 71*f - 183. Calculate c(-64).
265
Let f(w) = -848*w - 5851. Determine f(-7).
85
Let h(q) = -q**3 + 15*q**2 - 19*q - 39. What is h(15)?
-324
Let k(c) = -c**3 - 59*c**2 - 186*c + 1907. Calculate k(-55).
37
Let i(z) = 223970*z - 4479407. Give i(20).
-7
Let m(f) = -f**2 - 119*f - 2759. What is m(-34)?
131
Let j(u) = 8360*u - 83607. Calculate j(10).
-7
Let l(b) = -3*b**3 + 20*b**2 - 153*b + 658. Give l(5).
18
Let g(u) = 3*u**2 + 89*u - 406. Determine g(5).
114
Let n(s) = s**3 - 15*s**2 - 170*s - 5507. Calculate n(0).
-5507
Let x(o) = o**3 - 58*o**2 - 2261*o + 132874. Give x(56).
-14
Let k(l) = -1587*l - 101568. Determine k(-64).
0
Let b(t) = 2219*t + 82107. Determine b(-37).
4
Let o(w) = -w**3 + 825*w**2 - 150424*w + 4430. Give o(553).
6
Let m(o) = 101*o**2 - 7780*o + 283. Give m(77).
52
Let f(c) = -5*c - 1275. Determine f(-185).
-350
Let d(x) = x**2 + 19*x - 152. Give d(-15).
-212
Let h(k) = -25046*k - 1427603. What is h(-57)?
19
Let w(k) = -5*k**3 - 34*k**2 + 5*k - 372. Determine w(-8).
-28
Let k(q) = -q**3 - 83*q**2 + 75*q - 89. Calculate k(-84).
667
Let s(o) = o**3 + 115*o**2 - 778*o + 9249. Calculate s(-122).
-23
Let s(t) = 127*t**2 + 501*t - 541. Calculate s(1).
87
Let c(q) = -q**3 + 163*q**2 + 27*q - 4416. Calculate c(163).
-15
Let q(z) = -37*z**2 - 28155*z + 257952. Give q(-770).
2
Let a(r) = -35783*r - 34174. Give a(-1).
1609
Let h(m) = 3*m**2 + 1041*m + 17035. Give h(-17).
205
Let v(j) = -2*j**3 - 8*j**2 - 1102*j + 3313. Give v(3).
-119
Let i(c) = 502647*c + 16587348. Give i(-33).
-3
Let y(r) = 4*r**3 - 5*r**2 - 139*r + 575. Determine y(4).
195
Let k(t) = 12063*t - 15. Calculate k(0).
-15
Let g(z) = -z**2 - 185*z - 6634. Give g(-136).
30
Let x(r) = -r**2 - 39876*r - 20. Determine x(0).
-20
Let a(l) = 40*l**2 - 4*l + 6. Give a(2).
158
Let i(v) = 1237*v**2 - 162*v + 163. Calculate i(1).
1238
Let c(o) = o**3 - 151*o**2 + 3831*o - 45. Calculate c(119).
2692
Let u(r) = 15*r**3 + 118*r**2 - 1080*r - 8587. Determine u(-8).
-75
Let n(d) = 7*d**3 - 69*d**2 + 4844*d - 43105. Calculate n(9).
5
Let f(w) = w**3 + 71*w**2 + 450*w - 25270. Give f(-54).
2
Let p(t) = -t**3 + 231*t**2 - 7322*t - 475. Determine p(38).
-19
Let k(y) = -15*y**2 + 237*y - 1018. Give k(7).
-94
Let s(a) = -164*a + 12199. Determine s(82).
-1249
Let b(o) = 3*o**3 - 33*o**2 + 75*o + 119. What is b(6)?
29
Let t(a) = 24*a**2 - 2532*a + 1254. Give t(105).
-6
Let j(u) = -342*u + 17480. What is j(56)?
-1672
Let s(c) = -c**2 - 28*c - 127. Give s(-21).
20
Let m(w) = w**3 - 88*w**2 + 1206*w + 41. Determine m(17).
24
Let u(p) = 2792*p - 37944. Give u(13).
-1648
Let w(s) = -5195*s - 67533. What is w(-13)?
2
Let b(m) = 7*m**2 - 882*m + 5815. What is b(7)?
-16
Let d(p) = 207252*p - 1658012. Give d(8).
4
Let t(k) = 333*k - 7903. Calculate t(25).
422
Let i(g) = -3148*g - 40846. What is i(-13)?
78
Let s(x) = 43961*x + 967126. Determine s(-22).
-16
Let p(r) = 685*r**2 - 6809*r - 210. Give p(10).
200
Let g(l) = 2172*l + 156376. Give g(-72).
-8
Let l(v) = -12*v**2 - 8331*v - 2069. Calculate l(-694).
13
Let o(r) = -99460*r - 198928. Give o(-2).
-8
Let s(w) = 998*w - 83866. Calculate s(84).
-34
Let h(j) = j**3 + 12*j**2 - 3*j - 170. Determine h(-11).
-16
Let z(n) = -n**2 - 7263*n - 779904. Determine z(-109).
-118
Let j(f) = -30994*f - 4742080. Give j(-153).
2